igit of a?
6
Suppose 0*a = -8*a + 2624. Let k be (a - 2) + (-7)/7. Let z = k - 147. What is the hundreds digit of z?
1
Suppose -105 = -5*s - 4*u + 105, 4*s + 3*u = 167. What is the thousands digit of -1527*3/(-1)*s/171?
1
Suppose -3*d = -5*l - 31, 0*d - 3 = d + l. What is the tens digit of 127*d - (-20 - -14)?
6
Let j be 6/(-3)*22 + -2. Let p(w) = -w**2 + 38*w + 41. Let d be p(31). Let s = d + j. What is the tens digit of s?
1
Let h = -385 - 757. Let b = -341 - h. What is the hundreds digit of b?
8
Suppose 0 = -3*t - 14 + 17. Let u(v) = -v**3 + 10*v**2 + 14*v + 2. Let b(w) = -w**3 - w**2 + 1. Let r(l) = t*u(l) - 2*b(l). What is the tens digit of r(-10)?
6
Suppose 2*w - 20283 = -5*v + 16642, -5*w - 25 = 0. What is the units digit of v?
7
Suppose -5*s - 2 - 23 = 0, z + s = 77. Suppose z*q - 2961 = 75*q. What is the units digit of q?
3
Suppose 13334 = 103*i - 102*i + 5*y, 66618 = 5*i - y. What is the units digit of i?
4
Suppose -5*w = -3*v + 164, 0*w - 3*v - 74 = 2*w. Let b = w - -34. What is the tens digit of (-1*(-222)/3)/(b - -2)?
3
Suppose -175941 = -93*q - 20*q. What is the units digit of q?
7
Suppose 0*v + 4*v - 49802 = -5*w, 9943 = w - 5*v. What is the units digit of w?
8
Let w(h) = -h**2 + 5*h - 5. Let s be w(4). Let y be (-46)/161 - (30/(-7) + s). Suppose -3*x - 116 = -y*x. What is the tens digit of x?
5
Suppose -24 = -3*w - 2*x, -4*w + 4*x + 19 = -13. Suppose h = w*h. Suppose 2*z = -h*z + 72. What is the tens digit of z?
3
Let o = -15314 + 43435. What is the hundreds digit of o?
1
Let u = 447 - 442. Suppose -u*l = -559 - 4281. What is the hundreds digit of l?
9
Let v = -146 + 102. Let f be (-7)/2*(-51 + 49). What is the units digit of v/f*(-112)/32?
2
Let w be (-8)/10*(-31 + 26). Suppose -5*c + 493 - 98 = -w*m, 141 = 2*c - 5*m. What is the tens digit of c?
8
Suppose 0*c - 4*c - 24 = 0. Let t be c*((-252)/8)/9. Let h(k) = 4*k + 11. What is the units digit of h(t)?
5
Let y = -2405 + 6380. What is the units digit of y?
5
Suppose t + 4*t - 15 = c, 2*t - 3*c = -7. Let d be (0 + t - 50)*-10. Suppose 0*o - d = -5*o. What is the units digit of o?
2
Let d be 4 + (-114)/(-42) - (-2)/7. Suppose h = -2*i - 3, -d = -2*i - 3*h - 4. What is the tens digit of ((-192)/(-40))/(i/(-10))?
1
Let s(u) = -u**3 - 11*u**2 - 16*u + 24. Let w be s(-9). Suppose w*t - 7*t - 370 = -d, -d = -4*t - 355. What is the tens digit of d?
7
Let t be (-4)/22 + 20/110. Suppose 28*i - 23*i = -15, t = 2*j - i - 953. What is the tens digit of j?
7
Let j(x) = x**3 - 11*x**2 + 2*x - 20. Let y be j(11). Suppose 0 = -3*f + y - 2. What is the units digit of (f - (-2 + 0)) + 4 + -4?
2
Let w = 78 - -11. Let s = 125 - w. What is the tens digit of (14/(-6) - 24/s)*-47?
4
Let g(v) = 2306*v + 380. What is the units digit of g(13)?
8
Suppose 0 = 8*v + 22 - 78. Suppose -2*u - 3 = -v, u = 5*m - 2483. What is the tens digit of m?
9
Let u(h) = h - 1. Let n be u(3). Suppose -1357 - 1373 = -30*f. Suppose n*r = 4*g + 190, -4*r + g + f = -3*r. What is the tens digit of r?
8
Suppose 10*d + 13332 = -d. Let v = 2263 + d. What is the units digit of v?
1
Let f(t) be the first derivative of -7*t**2/2 - 10*t + 260. Suppose 2*q - 11 = 3*q. What is the units digit of f(q)?
7
Let k(s) = -625*s + 8748. Let v be k(14). Let g(x) = x**3 - x**2 + 2*x. Let o be g(3). What is the tens digit of 4864/o - v/6?
0
Let f(n) = -n**2 - n + 4. Let j be f(-2). Suppose 3*s = j*s - 6. What is the units digit of 136/(-3)*s/4?
8
Suppose -36*z + 1815814 = 491950. What is the thousands digit of z?
6
Suppose 2*j = 2*b + 24666, -2*j + 123*b = 125*b - 24690. What is the ten thousands digit of j?
1
Let c(b) = 38*b**3 + 20*b**2 - 11*b + 24. What is the thousands digit of c(6)?
8
Let c = -16826 + 20548. What is the hundreds digit of c?
7
Suppose -3*t + 2*t - 19 = 4*d, -4*t + d - 8 = 0. What is the tens digit of 1/t - (0 - (-1898)/(-6))?
1
Let a be (-704)/77 - (-2)/14. What is the hundreds digit of ((-1)/2)/(a/12834)?
7
Let u be (-6)/(-4)*170/(-15). Let o = 979 + u. What is the units digit of o?
2
Let u(g) = 53*g + 6594. What is the thousands digit of u(80)?
0
Let l be (-16)/(-4) - (-4 - -10) - -4. Suppose 6*b - 4*t = 3*b + 51, 2*t - 48 = -l*b. What is the units digit of 4908/b - 2/(-7)?
4
Let f(x) = -x**3 - 2*x**2 + 7*x - 4. Let d be f(-11). Suppose -d = -2*n - 2*n. What is the units digit of n?
2
Suppose 116*i - 162770 = 16803 + 390451. What is the hundreds digit of i?
9
Let r(u) = u**2 + 19*u - 56. Let v be r(39). Suppose -2*j - 3313 = -3*p, 2*p - 4*j + 2*j = v. What is the hundreds digit of p?
1
Let q(g) = 2*g**3 - 57*g**2 - 26*g - 84. Let x be q(29). Suppose 2*v = -x*u + 2942 + 1146, 0 = 5*u + 4*v - 6810. What is the hundreds digit of u?
3
Suppose 50571 = 14*b - 893. What is the tens digit of b/10 + 1/((-5)/(-2))?
6
Let l = 78 - 73. Suppose 0 = l*h - 5*o - 10, -h - 6 = -2*o + 5*o. Suppose -8*x - 799 + 2319 = h. What is the units digit of x?
0
Suppose 0 = -37*d + 41*d - 124. Let g(c) = c**2 - 21*c - 117. What is the tens digit of g(d)?
9
What is the units digit of -19 + 22460/30*12?
5
Let r be (-5 + 11)*2/4 - 0. Suppose 4*g + 2*n - 3340 = 0, -r*g - 3*n + 2275 + 224 = 0. What is the tens digit of g?
3
Let m(v) = -v**2 - 23*v - 39. Let c be m(-21). Suppose -2428 - 1327 = -5*h - 4*l, 2973 = 4*h - c*l. What is the hundreds digit of h?
7
Let b = -71 + 76. Suppose 3*q + 2397 + 413 = b*m, -3*q = -2*m + 1115. What is the tens digit of m?
6
Let o(v) = 12*v**3 + 8*v**2 - 9*v + 53. Let i be o(9). Suppose -15*l + i = -17677. What is the thousands digit of l?
1
Suppose -5*y = l - 123 - 95, -5*l = -5*y + 200. Suppose y + 62 = -3*x. Let u = x - -81. What is the units digit of u?
6
Let h(i) = i**2 - 19*i - 66. Suppose 0 = 16*p + 66 + 254. What is the tens digit of h(p)?
1
Let s(w) be the second derivative of -2*w**3/3 - 10*w**2 - 19*w. Let p be s(-7). Suppose 0*a + p = 2*a. What is the units digit of a?
4
Let q(k) = 66*k**2 + 60*k. Let h be q(-1). Let r(d) = d**2 - 3*d - 7. Let v be r(5). Suppose v*n - h = 222. What is the units digit of n?
6
Let o(z) = -10 - 2 - 6 + 17*z - 2. Let q = 667 + -662. What is the tens digit of o(q)?
6
Let t = -50 + 53. Suppose -t*p + 10 = 2*p. Suppose -3*a + 2*z + 214 = -a, -p*z + 230 = 2*a. What is the units digit of a?
1
Let q(o) = -5*o - 36. Let h be q(-8). Suppose 6*y = 9*y - 2*b - 1239, -b = h*y - 1641. What is the hundreds digit of y?
4
What is the units digit of 232490/36 + 56/(-1008)?
8
What is the units digit of 1/2*0 - (-5998 - 252)?
0
Let r(h) = -h**2 - h - 4. Let u be r(-4). Let y be (12/(-16))/(3/u). Suppose -y*k = t - 0*k - 56, 0 = 2*t - 5*k - 73. What is the tens digit of t?
4
Suppose -5*h - 2 - 3 = 0, 3*h + 3 = -2*p. Let a be p + (-2 - (-6 + 0)). Suppose 3*m + k + 2*k - 87 = 0, -2*m + a*k = -28. What is the tens digit of m?
2
Let a(u) = -13692*u + 621. What is the hundreds digit of a(-3)?
6
Let u = 45952 - 19472. What is the units digit of u?
0
Let a(t) be the second derivative of -43*t**3/6 + 35*t**2/2 + 2*t. Let x be a(-6). Suppose 5 = -5*d, 3*q - x = -5*d + 83. What is the units digit of q?
7
Suppose 5*w + 5*f - 1450 = 0, -3*w + 1150 = w - f. Let i = 49 + w. What is the units digit of i?
7
Let a be (-1)/3 + 124/12. Suppose a*s = 15*s - 50. What is the units digit of ((-3)/7)/(s/(-70))?
3
Let v(f) = 3*f**2 - f. Let i(g) = 2*g**3 + 20*g**2 - 8*g - 3. Let x(q) = i(q) - 6*v(q). Suppose 0 = 2*w + 3*w - 15. What is the tens digit of x(w)?
6
Let r(u) = -4*u**3 - 123*u**2 - 79*u + 131. What is the hundreds digit of r(-34)?
8
Suppose 2*q - 3*k + 3 = -11, 3*q + 16 = 2*k. What is the tens digit of 4 - 3 - 4/(q/379)?
8
Let m = -12244 + 22917. What is the tens digit of m?
7
Let k be -5*2/((-20)/14). Suppose -k*b + 401 + 698 = 0. What is the units digit of b?
7
Suppose i = -4*y + 2*i + 13, 2*y - 4*i = 24. Suppose -3*h = -0*s - s + 2, y*h + 5*s + 7 = 0. What is the tens digit of -3*(1/(-6)*-278)/h?
3
Let c(u) = -u**3 - 5*u**2 - u - 1. Let i be c(-5). Suppose 4*j = -m + 6*j + 63, 3*m - 189 = i*j. Let t = m - -88. What is the units digit of t?
1
Suppose 10*h - 12 = 7*h. Suppose h*g = 13*g - 585. Let y = 92 + g. What is the units digit of y?
7
Let n(d) = -d**3 + 9*d**2 - 7*d - 26. Let b be n(-7). Suppose 1143 = 8*w + b. What is the units digit of w?
2
Let x(v) be the first derivative of 3*v**4/2 + 10*v**3/3 - 4*v**2